{"id":157,"date":"2026-03-08T16:46:48","date_gmt":"2026-03-08T15:46:48","guid":{"rendered":"https:\/\/majastoppa.pl\/?page_id=157"},"modified":"2026-04-15T11:16:18","modified_gmt":"2026-04-15T09:16:18","slug":"rodo","status":"publish","type":"page","link":"https:\/\/majastoppa.pl\/index.php\/rodo\/","title":{"rendered":"RODO"},"content":{"rendered":"<p>[et_pb_section fb_built=\u201c1\u201d admin_label=\u201cHeader\u201d _builder_version=\u201c4.27.4\u201d _module_preset=\u201cdefault\u201d background_enable_color=\u201coff\u201d background_image=\u201chttps:\/\/majastoppa.pl\/wp-content\/uploads\/2026\/03\/janine-joles-_2oDf30N6BY-unsplash-scaled.jpg\u201d background_position=\u201ctop_center\u201d background_vertical_offset=\u201c59%\u201d custom_padding=\u201d||10vw||false|false\u201d bottom_divider_style=\u201ccurve\u201d bottom_divider_color=\u201d#ffffff\u201d bottom_divider_height=\u201c8vw\u201d bottom_divider_flip=\u201cvertical\u201d bottom_divider_arrangement=\u201cabove_content\u201d collapsed=\u201coff\u201d global_colors_info=\u201d{}\u201d][et_pb_row column_structure=\u201c2_3,1_3\u201d _builder_version=\u201c4.27.4\u201d _module_preset=\u201cdefault\u201d z_index=\u201c10\u201d custom_padding=\u201c200px||200px||false|false\u201d global_colors_info=\u201d{}\u201d][et_pb_column type=\u201c2_3\u201d admin_label=\u201cKolumna\u201d _builder_version=\u201c4.17.1\u201d _module_preset=\u201cdefault\u201d global_colors_info=\u201d{}\u201d][\/et_pb_column][et_pb_column type=\u201c1_3\u201d _builder_version=\u201c4.17.1\u201d _module_preset=\u201cdefault\u201d global_colors_info=\u201d{}\u201d][\/et_pb_column][\/et_pb_row][\/et_pb_section][et_pb_section fb_built=\u201c1\u201d admin_label=\u201cIle czas trwa psychoterapia\u201d _builder_version=\u201c4.17.3\u201d _module_preset=\u201cdefault\u201d custom_padding=\u201c0px||||false|false\u201d collapsed=\u201coff\u201d global_colors_info=\u201d{}\u201d][et_pb_row _builder_version=\u201c4.27.4\u201d _module_preset=\u201cdefault\u201d global_colors_info=\u201d{}\u201d][et_pb_column type=\u201c4_4\u201d _builder_version=\u201c4.27.4\u201d _module_preset=\u201cdefault\u201d global_colors_info=\u201d{}\u201d][et_pb_text _builder_version=\u201c4.27.4\u201d _module_preset=\u201cb327cbe4-b1d5-4b66-ad37-40c8f2f061ba\u201d header_2_font=\u201cCormorant Garamond|700|||||||\u201d header_2_text_color=\u201d#22434A\u201d header_2_font_size=\u201c60px\u201d header_2_line_height=\u201c1.2em\u201d custom_margin=\u201d||0px||false|false\u201d header_2_font_size_tablet=\u201c32px\u201d header_2_font_size_phone=\u201c26px\u201d header_2_font_size_last_edited=\u201con|tablet\u201d global_colors_info=\u201d{}\u201d]<\/p>\n<h2>Klauzula Rodo dla klienta<\/h2>\n<p>[\/et_pb_text][et_pb_text _builder_version=\u201c4.27.4\u201d _module_preset=\u201c1f09816e-184e-4ce5-a4cf-b39c52c423ca\u201d text_font=\u201cInter||||||||\u201d text_text_color=\u201d#22434A\u201d text_font_size=\u201c18px\u201d text_line_height=\u201c1.8em\u201d ul_line_height=\u201c1.2em\u201d ol_line_height=\u201c1.6em\u201d hover_enabled=\u201c0\u201d text_font_size_tablet=\u201c16px\u201d text_font_size_phone=\u201c14px\u201d text_font_size_last_edited=\u201con|tablet\u201d header_font_size_tablet=\u201c55px\u201d header_font_size_last_edited=\u201coff|desktop\u201d global_colors_info=\u201d{}\u201d sticky_enabled=\u201c0\u201d]Jako Psychoterapeuta, informuje, \u017ce przetwarzam Twoje dane osobowe. Troska o&nbsp;poufno\u015b\u0107 powierzonych przez Ciebie danych jest dla mnie kluczowa. Stosuj\u0119 wymogi prawa, w&nbsp;tym RODO, a&nbsp;tak\u017ce dbam w&nbsp;spos\u00f3b praktyczny, aby Twoje dane osobowe by\u0142y w&nbsp;pe\u0142ni bezpieczne. Zakres i&nbsp;szczeg\u00f3\u0142y przetwarzania Twoich danych osobowych przedstawiam poni\u017cej.<br>\nW&nbsp;razie jakichkolwiek pyta\u0144, czy uwag prosz\u0119 o&nbsp;kontakt ze mn\u0105.<br>\n&nbsp;<\/p>\n<ol>\n<li><strong>Administrator danych osobowych<\/strong><\/li>\n<p style=\"padding-left: 20px;\">Administratorem Twoich danych osobowych jest<br>Rocket Studio Sp. z&nbsp;o.o., ul. L\u0119borska 3B, 80\u2013386 Gda\u0144sk, NIP: 583\u2013315-05\u201359,<br>\nprowadz\u0105ca gabinet Psychoterapeutyczny w&nbsp;nast\u0119puj\u0105cej siedzibie (adres):<br>\nul. Dolne Migowo 23c\/12, 80\u2013262 Gda\u0144sk,<br>Tel: +48 502 436 694,<br>Mail: <a href=\"mailto:kontakt@majastoppa.pl\">kontakt@majastoppa.pl<\/a>,<br>Strona www: <a href=\"https:\/\/majastoppa.pl\/\">majastoppa.pl<\/a><\/p>\n<p style=\"padding-left: 20px;\">Osob\u0105, z&nbsp;kt\u00f3r\u0105 mo\u017cna si\u0119 skontaktowa\u0107 w&nbsp;sprawach ochrony danych osobowych i&nbsp;realizacji praw jest:<br>\nPsychoterapeutka \u2013 Maja Stoppa<br>\nTel: +48 502 436 694, Mail: <a href=\"mailto:kontakt@majastoppa.pl\">kontakt@majastoppa.pl<\/a><\/p>\n<li><strong>Cele przetwarzania<\/strong><\/li>\n<p style=\"padding-left: 20px;\">Powierzone mi dane przetwarzam jedynie w&nbsp;celu:<\/p>\n<ul style=\"padding-left: 40px;\">\n<li>zawarcia i&nbsp;wykonywania umowy (kontraktu) na prowadzenie psychoterapii;<\/li>\n<li>realizacji procesu superwizji (wsp\u00f3\u0142praca z&nbsp;bardziej do\u015bwiadczonym psychoterapeut\u0105 praktykiem \u2013 akredytowanym superwizorem);<\/li>\n<li>w celach archiwalnych (dowodowych) dla zabezpieczenia informacji na wypadek prawnej potrzeby wykazania fakt\u00f3w;<\/li>\n<li>w celu ewentualnego ustalenia, dochodzenia lub obrony przed roszczeniami.<\/li>\n<\/ul>\n<p style=\"padding-left: 20px;\">Przetwarza\u0142am wy\u0142\u0105cznie dane osobowe niezb\u0119dne do Twojej identyfikacji oraz wykonania zawartej z&nbsp;Tob\u0105 umowy, w&nbsp;szczeg\u00f3lno\u015bci nast\u0119puj\u0105ce kategorie danych osobowych:<\/p>\n<ul style=\"padding-left: 40px;\">\n<li>dane osobowe (np. imi\u0119 i&nbsp;nazwisko),<\/li>\n<li>dane kontaktowe (np. numer telefonu, adres korespondencyjny),<\/li>\n<li>numer PESEL,<\/li>\n<li>dane ujawniane przez pacjenta w&nbsp;wyniku psychoterapii,<\/li>\n<li>dane ujawniane przez pacjenta w&nbsp;korespondencji (np. w&nbsp;wiadomo\u015bciach sms)<\/li>\n<\/ul>\n<li><strong>Odbiorcy danych<\/strong><\/li>\n<p style=\"padding-left: 20px;\">Informuj\u0119, \u017ce udost\u0119pniam dane osobowe potrzebne do realizacji p\u0142atno\u015bci (dane zwyk\u0142e) podmiotom, za po\u015brednictwem kt\u00f3rych dokonywane s\u0105 p\u0142atno\u015bci oraz firmie ksi\u0119gowej, z&nbsp;kt\u00f3rej us\u0142ug korzystam.<\/p>\n<p style=\"padding-left: 20px;\">Dane wra\u017cliwe, b\u0119d\u0105 udost\u0119pniane wy\u0142\u0105cznie w&nbsp;realizacji procesu superwizji, na podstawie odr\u0119bnie zawartej umowy z&nbsp;superwizorem.<\/p>\n<li><strong>Przekazywanie danych do pa\u0144stw trzecich lub organizacji mi\u0119dzynarodowych<\/strong><\/li>\n<p style=\"padding-left: 20px;\">Nie przekazuj\u0119 Twoich danych poza teren Polski ani poza teren Unii Europejskiej, ani poza obszar Europejskiego Obszaru Gospodarczego.<\/p>\n<li><strong>Okres przechowywania danych<\/strong><\/li>\n<p style=\"padding-left: 20px;\">Informuj\u0119, \u017ce Twoje dane b\u0119d\u0105 przechowywane przez okres podany poni\u017cej:<\/p>\n<ul style=\"padding-left: 40px;\">\n<li>Dane pozyskane w&nbsp;celu zawarcia umowy przechowuj\u0119 przez okres negocjowania umowy, jednak nie d\u0142u\u017cej ni\u017c do ko\u0144ca roku kalendarzowego nast\u0119puj\u0105cego po roku, w&nbsp;kt\u00f3rym ostatni raz si\u0119 ze mn\u0105 kontaktowa\u0142e\u015b\/a\u015b w&nbsp;sprawie jej zawarcia.<\/li>\n<li>Dane pozyskane w&nbsp;zwi\u0105zku z&nbsp;zawarciem umowy przetwarzam do ko\u0144ca okresu przedawnienia potencjalnych roszcze\u0144 z&nbsp;umowy.<\/li>\n<li>Dane kontaktowe przechowuj\u0119 dla potrzeb kontaktu przy wykonywaniu umowy (kontraktu) do czasu, a\u017c zg\u0142osisz sprzeciw wzgl\u0119dem ich przetwarzania w&nbsp;tym celu, cofniesz zgod\u0119, je\u015bli przetwarzanie nast\u0119powa\u0142o na podstawie zgody, lub sami ustalimy, \u017ce lub samodzielnie ustal\u0119, \u017ce si\u0119 zdezaktualizowa\u0142y.<\/li>\n<li>Dane wra\u017cliwe, kt\u00f3re mi udost\u0119pnisz, przechowuj\u0119 dla potrzeb kontaktu przy wykonywaniu umowy (kontraktu) do czasu, a\u017c zg\u0142osisz sprzeciw wzgl\u0119dem ich przetwarzania w&nbsp;tym celu, cofniesz zgod\u0119, je\u015bli przetwarzanie nast\u0119powa\u0142o na podstawie zgody, lub samodzielnie ustal\u0119, \u017ce si\u0119 zdezaktualizowa\u0142y.<\/li>\n<\/ul>\n<p style=\"padding-left: 20px;\">Poza tym dane osobowe mog\u0105 by\u0107 przetwarzane w&nbsp;celu ochrony przed roszczeniami (w tym ustalenia, dochodzenia lub obrony roszcze\u0144) oraz w&nbsp;celu unikni\u0119cia konfliktu interes\u00f3w w&nbsp;pracy psychoterapeuty przez okres przedawnienia roszcze\u0144.<\/p>\n<li><strong>Twoje prawa<\/strong><\/li>\n<p style=\"padding-left: 20px;\">Informuj\u0119, \u017ce przys\u0142uguje Ci:<\/p>\n<ul style=\"padding-left: 40px;\">\n<li>prawo dost\u0119pu do swoich danych oraz otrzymania ich kopii;<\/li>\n<li>prawo do sprostowania (poprawiania) swoich danych;<\/li>\n<li>prawo do usuni\u0119cia danych;<\/li>\n<li>prawo do przeniesienia danych;<\/li>\n<li>prawo do ograniczenia przetwarzania danych \u2014 mo\u017cesz za\u017c\u0105da\u0107, abym ograniczy\u0142a przetwarzanie Twoich danych osobowych wy\u0142\u0105cznie do ich przechowywania lub wykonywania uzgodnionych z&nbsp;Tob\u0105 dzia\u0142a\u0144, je\u017celi Twoim zdaniem mam nieprawid\u0142owe dane na Tw\u00f3j temat lub przetwarzam je bezpodstawnie; lub nie chcesz, abym je usun\u0119\u0142a, bo s\u0105 Ci potrzebne do ustalenia, dochodzenia lub obrony roszcze\u0144; lub na czas wniesionego przez Ciebie sprzeciwu wzgl\u0119dem przetwarzania danych;<\/li>\n<li>prawo do wniesienia skargi do organu nadzorczego; Je\u017celi uwa\u017casz, \u017ce przetwarzam Twoje dane niezgodnie z&nbsp;prawem, mo\u017cesz z\u0142o\u017cy\u0107 w&nbsp;tej sprawie skarg\u0119 do Prezesa Urz\u0119du Ochrony Danych Osobowych lub innego w\u0142a\u015bciwego organu nadzorczego;<\/li>\n<li>prawo do cofni\u0119cia zgody na przetwarzanie danych osobowych; Cofni\u0119cie zgody nie b\u0119dzie wp\u0142ywa\u0107 na zgodno\u015b\u0107 z&nbsp;prawem przetwarzania, kt\u00f3rego dokonano na podstawie Twojej zgody przed jej wycofaniem.<\/li>\n<\/ul>\n<li><strong>Informacja o&nbsp;wymogu\/dobrowolno\u015bci podania danych<\/strong><\/li>\n<p style=\"padding-left: 20px;\">Informuj\u0119, \u017ce podanie przez Ciebie danych jest dobrowolne.  Zaznaczam, \u017ce je\u017celi nie podasz danych podstawowych, identyfikuj\u0105cych Ci\u0119 przy transakcji w&nbsp;spos\u00f3b wymagany powszechnie obowi\u0105zuj\u0105cymi przepisami prawa, w&nbsp;tym zw\u0142aszcza od strony podatkowej, to w&nbsp;takim przypadku mog\u0119 odm\u00f3wi\u0107 zawarcia umowy.<\/p>\n<li><strong>Informacja o&nbsp;\u017ar\u00f3dle danych<\/strong><\/li>\n<p style=\"padding-left: 20px;\">Informuj\u0119, \u017ce Twoje dane uzyskuj\u0119 tylko bezpo\u015brednio od Ciebie<\/p>\n<\/ol>\n<p>[\/et_pb_text][\/et_pb_column][\/et_pb_row][\/et_pb_section][et_pb_section fb_built=\u201c1\u201d custom_padding_last_edited=\u201con|desktop\u201d prev_background_color=\u201d#ffffff\u201d admin_label=\u201cFooter\u201d _builder_version=\u201c4.27.4\u201d _module_preset=\u201cdefault\u201d background_color=\u201d#bfa66d\u201d background_image=\u201chttps:\/\/majastoppa.pl\/wp-content\/uploads\/2026\/03\/flowers-6201439_1920.jpg\u201d background_position=\u201ctop_center\u201d background_vertical_offset=\u201c20%\u201d min_height=\u201c335px\u201d custom_padding=\u201d||||false|false\u201d custom_padding_tablet=\u201d||||false|false\u201d custom_padding_phone=\u201d||||false|false\u201d top_divider_style=\u201ccurve2\u201d top_divider_height=\u201c148px\u201d top_divider_repeat=\u201c1x\u201d saved_tabs=\u201call\u201d collapsed=\u201coff\u201d global_colors_info=\u201d{}\u201d][et_pb_row _builder_version=\u201c4.27.4\u201d _module_preset=\u201cdefault\u201d custom_padding=\u201c200px||200px||false|false\u201d global_colors_info=\u201d{}\u201d][et_pb_column type=\u201c4_4\u201d _builder_version=\u201c4.27.4\u201d _module_preset=\u201cdefault\u201d global_colors_info=\u201d{}\u201d][\/et_pb_column][\/et_pb_row][\/et_pb_section]<\/p>\n","protected":false},"excerpt":{"rendered":"<p>Klauzula Rodo dla klientaJako Psychoterapeuta, informuje, \u017ce przetwarzam Twoje dane osobowe. Troska o&nbsp;poufno\u015b\u0107 powierzonych przez Ciebie danych jest dla mnie kluczowa. Stosuj\u0119 wymogi prawa, w&nbsp;tym RODO, a&nbsp;tak\u017ce dbam w&nbsp;spos\u00f3b praktyczny, aby Twoje dane osobowe by\u0142y w&nbsp;pe\u0142ni bezpieczne. Zakres i&nbsp;szczeg\u00f3\u0142y przetwarzania Twoich danych osobowych przedstawiam poni\u017cej. W&nbsp;razie jakichkolwiek pyta\u0144, [\u2026]<\/p>\n","protected":false},"author":1,"featured_media":0,"parent":0,"menu_order":0,"comment_status":"closed","ping_status":"closed","template":"","meta":{"_et_pb_use_builder":"on","_et_pb_old_content":"","_et_gb_content_width":"","wp_typography_post_enhancements_disabled":false,"footnotes":""},"class_list":["post-157","page","type-page","status-publish","hentry"],"_links":{"self":[{"href":"https:\/\/majastoppa.pl\/index.php\/wp-json\/wp\/v2\/pages\/157","targetHints":{"allow":["GET"]}}],"collection":[{"href":"https:\/\/majastoppa.pl\/index.php\/wp-json\/wp\/v2\/pages"}],"about":[{"href":"https:\/\/majastoppa.pl\/index.php\/wp-json\/wp\/v2\/types\/page"}],"author":[{"embeddable":true,"href":"https:\/\/majastoppa.pl\/index.php\/wp-json\/wp\/v2\/users\/1"}],"replies":[{"embeddable":true,"href":"https:\/\/majastoppa.pl\/index.php\/wp-json\/wp\/v2\/comments?post=157"}],"version-history":[{"count":10,"href":"https:\/\/majastoppa.pl\/index.php\/wp-json\/wp\/v2\/pages\/157\/revisions"}],"predecessor-version":[{"id":225,"href":"https:\/\/majastoppa.pl\/index.php\/wp-json\/wp\/v2\/pages\/157\/revisions\/225"}],"wp:attachment":[{"href":"https:\/\/majastoppa.pl\/index.php\/wp-json\/wp\/v2\/media?parent=157"}],"curies":[{"name":"wp","href":"https:\/\/api.w.org\/{rel}","templated":true}]}}